s 747 (base 13) in base 14?
64a
Convert -12122021 (base 3) to base 16.
-100f
What is 2300 (base 8) in base 4?
103000
42b (base 16) to base 10
1067
Convert -244213 (base 7) to base 6.
-542534
What is -5084 (base 10) in base 16?
-13dc
Convert -3151 (base 12) to base 3.
-21101121
Convert -3222023 (base 5) to base 11.
-38061
What is -14652 (base 7) in base 3?
-12122000
9003 (base 10) to base 9
13313
What is 856 (base 11) in base 6?
4433
1528 (base 11) to base 3
2200211
662 (base 10) to base 9
815
20 (base 13) to base 9
28
What is 613 (base 10) in base 9?
751
-1a8c (base 14) to base 13
-2275
-127 (base 11) to base 5
-1100
What is 15347 (base 9) in base 3?
112101121
-6095 (base 12) to base 3
-112101012
Convert 4036 (base 12) to base 8.
15452
Convert 12101 (base 5) to base 4.
32011
Convert 6453 (base 7) to base 6.
14340
Convert -2112112 (base 3) to base 16.
-73a
Convert 553 (base 9) to base 5.
3303
What is -10200210 (base 3) in base 5?
-41234
87a (base 14) to base 6
11432
26353 (base 7) to base 16
1b85
Convert -3a0 (base 15) to base 12.
-589
What is -101434 (base 5) in base 7?
-12552
Convert -1611 (base 8) to base 5.
-12110
Convert -20830 (base 12) to base 10.
-42660
-4772 (base 10) to base 5
-123042
What is 14546 (base 7) in base 8?
7724
What is -1231 (base 6) in base 4?
-10303
What is -13b3a (base 15) in base 16?
-f730
10011110001101 (base 2) to base 4
2132031
Convert 10ce (base 16) to base 12.
25a6
What is 3253 (base 6) in base 16?
2f1
Convert -17a3 (base 16) to base 6.
-44003
Convert 6364 (base 11) to base 4.
2003203
299 (base 12) to base 10
405
-204166 (base 7) to base 14
-cadd
101101111011100 (base 2) to base 6
300512
-4aa (base 15) to base 4
-100210
Convert -c4ac (base 14) to base 11.
-23496
What is 2096 (base 10) in base 5?
31341
Convert 55e (base 16) to base 6.
10210
1510 (base 7) to base 3
211001
What is 2042 (base 12) in base 7?
13136
What is 20e (base 16) in base 5?
4101
-1a54 (base 12) to base 15
-e57
What is b900 (base 15) in base 16?
98ee
Convert -a28 (base 12) to base 3.
-2000112
What is -35445 (base 7) in base 15?
-2a9c
What is -433421 (base 5) in base 13?
-69c2
Convert 6ea (base 16) to base 5.
24040
-52143 (base 6) to base 5
-210400
Convert 1e2 (base 16) to base 12.
342
-100001001010 (base 2) to base 7
-6121
Convert -266 (base 15) to base 5.
-4141
-1204 (base 10) to base 5
-14304
What is -b7a (base 13) in base 9?
-2617
Convert -10131 (base 8) to base 13.
-1b9c
22975 (base 11) to base 8
100533
-192 (base 11) to base 7
-435
2aa (base 13) to base 16
1de
Convert -42006 (base 7) to base 4.
-2200320
What is 101000121 (base 3) in base 8?
16212
What is -20001 (base 4) in base 2?
-1000000001
-1020345 (base 6) to base 11
-34116
What is 20a (base 14) in base 9?
486
What is 2850 (base 11) in base 9?
5044
Convert -1f0 (base 16) to base 11.
-411
Convert -210010 (base 3) to base 4.
-20322
What is 3a88 (base 12) in base 6?
51052
Convert 3015 (base 8) to base 10.
1549
Convert 1e9 (base 16) to base 13.
2b8
2413 (base 7) to base 8
1574
What is 11752 (base 9) in base 11?
5a36
-1563 (base 13) to base 9
-4250
Convert -22000000 (base 3) to base 9.
-8000
Convert 2221 (base 5) to base 13.
1ac
What is -5322 (base 7) in base 14?
-982
-2411 (base 5) to base 15
-18b
255 (base 6) to base 3
10222
What is -2614 (base 8) in base 2?
-10110001100
What is 32733 (base 8) in base 10?
13787
-2022 (base 5) to base 3
-100201
Convert -3504 (base 9) to base 11.
-1a50
Convert 11747 (base 8) to base 12.
2b47
1490 (base 11) to base 3
2121220
604 (base 10) to base 5
4404
What is -17 (base 9) in base 8?
-20
Convert -112201121 (base 3) to base 7.
-43204
Convert 2017 (base 9) to base 3.
2000121
What is -7db (base 16) in base 2?
-11111011011
-15045 (base 6) to base 15
-aa5
Convert -bc39 (base 13) to base 6.
-321255
What is 125 (base 10) in base 13?
98
Convert 1737 (base 8) to base 4.
33133
Convert -1230 (base 10) to base 4.
-103032
What is -144112 (base 5) in base 13?
-2a58
What is 69 (base 15) in base 6?
243
Convert -507 (base 15) to base 9.
-1487
176 (base 16) to base 10
374
Convert -20c4 (base 13) to base 9.
-6220
What is -4711 (base 8) in base 11?
-1978
Convert 3e6 (base 15) to base 12.
623
What is 100011010000 (base 2) in base 7?
6402
Convert -1041 (base 9) to base 7.
-2143
Convert 1110011110 (base 2) to base 10.
926
Convert 18b50 (base 12) to base 5.
2124304
1211231 (base 4) to base 11
4988
Convert -1a3 (base 15) to base 2.
-101111010
120210211 (base 3) to base 7
45412
What is -10735 (base 12) in base 15?
-66c5
What is -13022 (base 4) in base 13?
-293
What is 3c4 (base 15) in base 11?
711
What is 21257 (base 9) in base 3?
201021221
What is 220302 (base 4) in base 8?
5062
What is 6a9 (base 11) in base 9?
1138
-13180 (base 9) to base 4
-2023011
Convert 27414 (base 8) to base 7.
50054
What is -4575 (base 10) in base 16?
-11df
-26214 (base 7) to base 11
-5266
Convert 120 (base 12) to base 3.
20020
11720 (base 13) to base 8
76337
Convert 15213 (base 7) to base 10.
4224
What is 2120 (base 3) in base 8?
105
What is -40c (base 16) in base 11?
-862
-3022 (base 6) to base 9
-815
What is -37a6 (base 16) in base 8?
-33646
101301 (base 5) to base 6
23222
Convert 450 (base 11) to base 14.
2a7
752 (base 11) to base 15
404
Convert -3247 (base 12) to base 9.
-7521
Convert 111110011011 (base 2) to base 9.
5428
Convert 11010100010001 (base 2) to base 16.
3511
Convert -2012 (base 9) to base 14.
-76d
What is -87b5 (base 14) in base 12?
-1170b
Convert 3b0a (base 15) to base 8.
30502
Convert -2221102 (base 4) to base 7.
-43405
-3b3c (base 14) to base 5
-313232
What is 4402 (base 6) in base 12?
702
What is -3021 (base 5) in base 7?
-1061
-7203 (base 10) to base 16
-1c23
Convert 415 (base 10) to base 12.
2a7
-12211001 (base 3) to base 6
-31344
Convert 41c (base 13) to base 8.
1275
Convert 18aa2 (base 11) to base 8.
63763
What is -138 (base 15) in base 13?
-185
What is 220100 (base 3) in base 14?
34d
-100010110011100 (base 2) to base 14
-66cc
Convert 6010 (base 7) to base 8.
4021
Convert 54987 (base 10) to base 16.
d6cb
-26055 (base 8) to base 11
-8551
What is 12020 (base 10) in base 2?
10111011110100
What is -211211 (base 6) in base 11?
-11975
Convert 11630 (base 7) to base 12.
192b
What is 3a06 (base 11) in base 4?
1101121
Convert 7ed8 (base 15) to base 3.
1101000012
What is -18797 (base 11) in base 14?
-97c6
775 (base 9) to base 15
2c5
Convert 490 (base 13) to base 10.
793
What is -142407 (base 8) in base 11?
-34994
Convert -102311 (base 4) to base 14.
-621
Convert 233 (base 10) to base 5.
1413
Convert 1335 (base 11) to base 10.
1732
Convert 3731 (base 8) to base 2.
11111011001
-18768 (base 11) to base 13
-bc12
-10012021102 (base 3) to base 15
-1397e
What is 1100110 (base 2) in base 4?
1212
-290 (base 14) to base 11
-431
-40146 (base 7) to base 6
-112503
-4a (base 12) to base 2
-111010
What is -2223 (base 4) in base 16?
-ab
What is 44115 (base 7) in base 3?
120010210
Convert -212052 (base 6) to base 14.
-6448
-13c (base 16) to base 2
-100111100
What is 112420 (base 8) in base 3?
1221100100
Convert 6d (base 16) to base 7.
214
115 (base 13) to base 10
187
What is 32453 (base 7) in base 9?
12125
140104 (base 5) to base 13
275c
What is 12122222 (base 3) in base 15?
1355
What is 5411 (base 6) in base 15?
571
What is 410 (base 13) in base 16?
2b1
What is 56563 (base 7) in base 8?
34021
Convert 2220 (base 5) to base 8.
466
What is 15857 (base 9) in base 15?
3371
2458 (base 9) to base 16
72b
Convert -16828 (base 10) to base 2.
-100000110111100
1c5a (base 13) to base 11
325a
What is 121102 (base 3) in base 6?
2015
What is -2960 (base 11) in base 15?
-11e7
Convert -fa4 (base 16) to base 13.
-1a90
1102222 (base 3) to base 9
1388
What is 32043 (base 6) in base 3?
12222000
What is -45211 (base 9) in base 10?
-30061
Convert 21a0 (base 11) to base 13.
1417
What is 6615 (base 9) in base 3?
20200112
-ea4c (base 15) to base 7
-264345
-54052 (base 6) to base 9
-11105
What is -36298 (base 10) in base 4?
-20313022
What is 0 (base 15) in base 11?
0
What is 7740 (base 12) in base 2?
11001101100000
What is -1010110001100 (base 2) in base 9?
-7508
Convert 396 (base 15) to base 5.
11231
What is 11638 (base 11) in base 16?
4163
Convert 7f2 (base 16) to base 2.
11111110010
What is -283 (base 13) in base 12?
-311
What is 1